{"id":69,"date":"2019-11-18T20:37:38","date_gmt":"2019-11-18T19:37:38","guid":{"rendered":"http:\/\/ec2-35-180-31-220.eu-west-3.compute.amazonaws.com\/blog\/?page_id=69"},"modified":"2024-04-08T19:29:31","modified_gmt":"2024-04-08T18:29:31","slug":"areas-de-actividad","status":"publish","type":"page","link":"https:\/\/iunneabogados.com\/index.php\/areas-de-actividad\/","title":{"rendered":"\u00c1reas de actividad"},"content":{"rendered":"<h4>Derecho Civil<\/h4>\n<p>Resolvemos reclamaciones de cantidad (monitorios, procesos declarativos, juicios cambiarios), litigios derivados de toda clase de contratos y obligaciones (redacci\u00f3n y negociaci\u00f3n de contratos, <a href=\"https:\/\/iunneabogados.com\/index.php\/aval-altruista\/\">nulidad de cl\u00e1usulas abusivas<\/a>, resoluci\u00f3n de un v\u00ednculo contractual), desahucios y finalizaci\u00f3n de arrendamientos, responsabilidad civil derivada de accidente, entre otros asuntos.<\/p>\n<h4>Derecho Mercantil<\/h4>\n<p>Vamos de la mano de las empresas y de los aut\u00f3nomos y dominamos sus necesidades y sus litigios: contratos, societario, <a href=\"https:\/\/iunneabogados.com\/index.php\/recuperacion-de-las-deudas-en-mi-empresa\/\">reclamaciones de cantidad<\/a>, propiedad industrial e intelectual.<\/p>\n<h4>Derecho Contencioso-Administrativo<\/h4>\n<p>La Administraci\u00f3n tambi\u00e9n se equivoca, por lo que asumimos todos los asuntos de los que es parte y son contrarios a nuestros clientes, con resultados positivos. Desde el procedimiento administrativo previo, ineludible en la mayor\u00eda de los casos, hasta el proceso judicial en todas las instancias. As\u00ed, defendemos a todo tipo de administrado, ya se trate de sanciones de tr\u00e1fico, tributarias, urban\u00ed\u00adsticas, de <a href=\"https:\/\/iunneabogados.com\/index.php\/sanciones-de-la-inspeccion-de-trabajo\/\">inspecci\u00f3n de trabajo y seguridad social,<\/a> como en cuestiones de personal funcionarial.<\/p>\n<h4>Derecho Penal<\/h4>\n<p>Tenemos una dilatada experiencia, tanto desde la posici\u00f3n de la defensa, como desde la propia acusaci\u00f3n. El C\u00f3digo Penal recoge desde los <a href=\"https:\/\/iunneabogados.com\/index.php\/delitos-de-desobediencia-y-atentado-en-estado-de-alarma\/\">delitos<\/a> m\u00e1s tradicionales contra la persona (agresi\u00f3n, acoso, homicidio&#8230;), los econ\u00f3micos (estafa, apropiaci\u00f3n indebida&#8230;), los de <a href=\"https:\/\/iunneabogados.com\/index.php\/he-tenido-un-accidente-necesito-un-abogado\/\">seguridad vial<\/a>, contra el medio ambiente, como recientemente los cometidos por personas jur\u00eddicas (empresas), y todos aquellos que surgen de la imparable evoluci\u00f3n tecnol\u00f3gica.<\/p>\n<p>Dentro de esta rama existe un pilar fundamental en nuestros d\u00edas: el compliance, o cumplimiento normativo. Dotar a tu negocio de los mecanismos que aseguren el cumplimiento de las normas puede evitar, a la larga, muchos disgustos y <a href=\"https:\/\/iunneabogados.com\/index.php\/que-hacer-cuando-nos-llega-una-multa\/\">sanciones<\/a>. Consulta a nuestro equipo, pues es necesario siempre un penalista revisando el cumplimiento normativo de las sociedades.<\/p>\n<h4>Derecho Laboral y Seguridad Social<\/h4>\n<p>Asesoramos y <a href=\"https:\/\/iunneabogados.com\/index.php\/teletrabajo-y-derechos-laborales\/\">defendemos tanto a empresas como a trabajadores<\/a>, en asuntos de <a href=\"https:\/\/iunneabogados.com\/index.php\/me-han-despedido-necesito-un-abogado-laboralista\/\">despido<\/a>, accidentes de trabajo, seguridad social, reclamaciones de cantidad, <a href=\"https:\/\/iunneabogados.com\/index.php\/el-trabajo-en-tiempos-del-corona-virus\/\">cambio sustancial de condiciones laborales<\/a>, negociaci\u00f3n colectiva, vulneraci\u00f3n de derechos fundamentales, entre otros, desde la conciliaci\u00f3n previa hasta el proceso judicial, o de forma urgente directamente ante la jurisdicci\u00f3n social. Siempre que el asunto lo permita, buscaremos cerrar un acuerdo satisfactorio para nuestros clientes que zanje la cuesti\u00f3n sin dilatar injustificadamente situaciones de tanta necesidad.<\/p>\n","protected":false},"excerpt":{"rendered":"<p>Derecho Civil Resolvemos reclamaciones de cantidad (monitorios, procesos declarativos, juicios cambiarios), litigios derivados de toda clase de contratos y obligaciones (redacci\u00f3n y negociaci\u00f3n de contratos, nulidad de cl\u00e1usulas abusivas, resoluci\u00f3n de un v\u00ednculo contractual), desahucios y finalizaci\u00f3n de arrendamientos, responsabilidad civil derivada de accidente, entre otros asuntos. Derecho Mercantil Vamos de la mano de las &hellip; <\/p>\n<p class=\"link-more\"><a href=\"https:\/\/iunneabogados.com\/index.php\/areas-de-actividad\/\" class=\"more-link\">Continuar leyendo<span class=\"screen-reader-text\"> \u00ab\u00c1reas de actividad\u00bb<\/span><\/a><\/p>\n","protected":false},"author":1,"featured_media":118,"parent":0,"menu_order":0,"comment_status":"closed","ping_status":"closed","template":"","meta":{"footnotes":""},"class_list":["post-69","page","type-page","status-publish","has-post-thumbnail","hentry"],"yoast_head":"<!-- This site is optimized with the Yoast SEO plugin v22.5 - https:\/\/yoast.com\/wordpress\/plugins\/seo\/ -->\n<title>\u00c1reas de actividad - iunne abogados Madrid<\/title>\n<meta name=\"description\" content=\"\u00c3\u0081reas de actividad: Abogados especializados en derecho civil, laboral, contencioso-administrativo y penal en su vertiente procesal.\" \/>\n<meta name=\"robots\" content=\"index, follow, max-snippet:-1, max-image-preview:large, max-video-preview:-1\" \/>\n<link rel=\"canonical\" href=\"https:\/\/iunneabogados.com\/index.php\/areas-de-actividad\/\" \/>\n<meta property=\"og:locale\" content=\"es_ES\" \/>\n<meta property=\"og:type\" content=\"article\" \/>\n<meta property=\"og:title\" content=\"\u00c1reas de actividad - iunne abogados Madrid\" \/>\n<meta property=\"og:description\" content=\"\u00c3\u0081reas de actividad: Abogados especializados en derecho civil, laboral, contencioso-administrativo y penal en su vertiente procesal.\" \/>\n<meta property=\"og:url\" content=\"https:\/\/iunneabogados.com\/index.php\/areas-de-actividad\/\" \/>\n<meta property=\"og:site_name\" content=\"iunne\" \/>\n<meta property=\"article:publisher\" content=\"https:\/\/www.facebook.com\/iunneabogados\/\" \/>\n<meta property=\"article:modified_time\" content=\"2024-04-08T18:29:31+00:00\" \/>\n<meta property=\"og:image\" content=\"https:\/\/iunneabogados.com\/wp-content\/uploads\/2019\/12\/airplane-690254_1920.jpg\" \/>\n\t<meta property=\"og:image:width\" content=\"1920\" \/>\n\t<meta property=\"og:image:height\" content=\"1275\" \/>\n\t<meta property=\"og:image:type\" content=\"image\/jpeg\" \/>\n<meta name=\"twitter:card\" content=\"summary_large_image\" \/>\n<meta name=\"twitter:site\" content=\"@AbogadosIunne\" \/>\n<meta name=\"twitter:label1\" content=\"Tiempo de lectura\" \/>\n\t<meta name=\"twitter:data1\" content=\"2 minutos\" \/>\n<script type=\"application\/ld+json\" class=\"yoast-schema-graph\">{\"@context\":\"https:\/\/schema.org\",\"@graph\":[{\"@type\":\"WebPage\",\"@id\":\"https:\/\/iunneabogados.com\/index.php\/areas-de-actividad\/\",\"url\":\"https:\/\/iunneabogados.com\/index.php\/areas-de-actividad\/\",\"name\":\"\u00c1reas de actividad - iunne abogados Madrid\",\"isPartOf\":{\"@id\":\"https:\/\/iunneabogados.com\/#website\"},\"primaryImageOfPage\":{\"@id\":\"https:\/\/iunneabogados.com\/index.php\/areas-de-actividad\/#primaryimage\"},\"image\":{\"@id\":\"https:\/\/iunneabogados.com\/index.php\/areas-de-actividad\/#primaryimage\"},\"thumbnailUrl\":\"https:\/\/iunneabogados.com\/wp-content\/uploads\/2019\/12\/airplane-690254_1920.jpg\",\"datePublished\":\"2019-11-18T19:37:38+00:00\",\"dateModified\":\"2024-04-08T18:29:31+00:00\",\"description\":\"\u00c3\u0081reas de actividad: Abogados especializados en derecho civil, laboral, contencioso-administrativo y penal en su vertiente procesal.\",\"breadcrumb\":{\"@id\":\"https:\/\/iunneabogados.com\/index.php\/areas-de-actividad\/#breadcrumb\"},\"inLanguage\":\"es\",\"potentialAction\":[{\"@type\":\"ReadAction\",\"target\":[\"https:\/\/iunneabogados.com\/index.php\/areas-de-actividad\/\"]}]},{\"@type\":\"ImageObject\",\"inLanguage\":\"es\",\"@id\":\"https:\/\/iunneabogados.com\/index.php\/areas-de-actividad\/#primaryimage\",\"url\":\"https:\/\/iunneabogados.com\/wp-content\/uploads\/2019\/12\/airplane-690254_1920.jpg\",\"contentUrl\":\"https:\/\/iunneabogados.com\/wp-content\/uploads\/2019\/12\/airplane-690254_1920.jpg\",\"width\":1920,\"height\":1275,\"caption\":\"Derecho penal, derecho civil, derecho mercantil, derecho concursal, derecho familia, disoluci\u00c3\u00b3n r\u00c3\u00a9gimen econ\u00c3\u00b3mico matrimonial, herencias y sucesiones, contencioso administrativo, protecci\u00c3\u00b3n de datos, prevenci\u00c3\u00b3n blanqueo capitales financiaci\u00c3\u00b3n terrorismo, derecho laboral y seguridad social, derecho fiscal y tributario\"},{\"@type\":\"BreadcrumbList\",\"@id\":\"https:\/\/iunneabogados.com\/index.php\/areas-de-actividad\/#breadcrumb\",\"itemListElement\":[{\"@type\":\"ListItem\",\"position\":1,\"name\":\"Portada\",\"item\":\"https:\/\/iunneabogados.com\/\"},{\"@type\":\"ListItem\",\"position\":2,\"name\":\"\u00c1reas de actividad\"}]},{\"@type\":\"WebSite\",\"@id\":\"https:\/\/iunneabogados.com\/#website\",\"url\":\"https:\/\/iunneabogados.com\/\",\"name\":\"iunne\",\"description\":\"TRANQUILIDAD JUR\u00cdDICA\",\"publisher\":{\"@id\":\"https:\/\/iunneabogados.com\/#organization\"},\"potentialAction\":[{\"@type\":\"SearchAction\",\"target\":{\"@type\":\"EntryPoint\",\"urlTemplate\":\"https:\/\/iunneabogados.com\/?s={search_term_string}\"},\"query-input\":\"required name=search_term_string\"}],\"inLanguage\":\"es\"},{\"@type\":\"Organization\",\"@id\":\"https:\/\/iunneabogados.com\/#organization\",\"name\":\"iunne\",\"url\":\"https:\/\/iunneabogados.com\/\",\"logo\":{\"@type\":\"ImageObject\",\"inLanguage\":\"es\",\"@id\":\"https:\/\/iunneabogados.com\/#\/schema\/logo\/image\/\",\"url\":\"https:\/\/iunneabogados.com\/wp-content\/uploads\/2019\/12\/logo_iunne.png\",\"contentUrl\":\"https:\/\/iunneabogados.com\/wp-content\/uploads\/2019\/12\/logo_iunne.png\",\"width\":118,\"height\":119,\"caption\":\"iunne\"},\"image\":{\"@id\":\"https:\/\/iunneabogados.com\/#\/schema\/logo\/image\/\"},\"sameAs\":[\"https:\/\/www.facebook.com\/iunneabogados\/\",\"https:\/\/x.com\/AbogadosIunne\",\"https:\/\/www.instagram.com\/iunneabogados\/\",\"https:\/\/www.linkedin.com\/company\/iunne-abogados\/about\/\"]}]}<\/script>\n<!-- \/ Yoast SEO plugin. -->","yoast_head_json":{"title":"\u00c1reas de actividad - iunne abogados Madrid","description":"\u00c3\u0081reas de actividad: Abogados especializados en derecho civil, laboral, contencioso-administrativo y penal en su vertiente procesal.","robots":{"index":"index","follow":"follow","max-snippet":"max-snippet:-1","max-image-preview":"max-image-preview:large","max-video-preview":"max-video-preview:-1"},"canonical":"https:\/\/iunneabogados.com\/index.php\/areas-de-actividad\/","og_locale":"es_ES","og_type":"article","og_title":"\u00c1reas de actividad - iunne abogados Madrid","og_description":"\u00c3\u0081reas de actividad: Abogados especializados en derecho civil, laboral, contencioso-administrativo y penal en su vertiente procesal.","og_url":"https:\/\/iunneabogados.com\/index.php\/areas-de-actividad\/","og_site_name":"iunne","article_publisher":"https:\/\/www.facebook.com\/iunneabogados\/","article_modified_time":"2024-04-08T18:29:31+00:00","og_image":[{"width":1920,"height":1275,"url":"https:\/\/iunneabogados.com\/wp-content\/uploads\/2019\/12\/airplane-690254_1920.jpg","type":"image\/jpeg"}],"twitter_card":"summary_large_image","twitter_site":"@AbogadosIunne","twitter_misc":{"Tiempo de lectura":"2 minutos"},"schema":{"@context":"https:\/\/schema.org","@graph":[{"@type":"WebPage","@id":"https:\/\/iunneabogados.com\/index.php\/areas-de-actividad\/","url":"https:\/\/iunneabogados.com\/index.php\/areas-de-actividad\/","name":"\u00c1reas de actividad - iunne abogados Madrid","isPartOf":{"@id":"https:\/\/iunneabogados.com\/#website"},"primaryImageOfPage":{"@id":"https:\/\/iunneabogados.com\/index.php\/areas-de-actividad\/#primaryimage"},"image":{"@id":"https:\/\/iunneabogados.com\/index.php\/areas-de-actividad\/#primaryimage"},"thumbnailUrl":"https:\/\/iunneabogados.com\/wp-content\/uploads\/2019\/12\/airplane-690254_1920.jpg","datePublished":"2019-11-18T19:37:38+00:00","dateModified":"2024-04-08T18:29:31+00:00","description":"\u00c3\u0081reas de actividad: Abogados especializados en derecho civil, laboral, contencioso-administrativo y penal en su vertiente procesal.","breadcrumb":{"@id":"https:\/\/iunneabogados.com\/index.php\/areas-de-actividad\/#breadcrumb"},"inLanguage":"es","potentialAction":[{"@type":"ReadAction","target":["https:\/\/iunneabogados.com\/index.php\/areas-de-actividad\/"]}]},{"@type":"ImageObject","inLanguage":"es","@id":"https:\/\/iunneabogados.com\/index.php\/areas-de-actividad\/#primaryimage","url":"https:\/\/iunneabogados.com\/wp-content\/uploads\/2019\/12\/airplane-690254_1920.jpg","contentUrl":"https:\/\/iunneabogados.com\/wp-content\/uploads\/2019\/12\/airplane-690254_1920.jpg","width":1920,"height":1275,"caption":"Derecho penal, derecho civil, derecho mercantil, derecho concursal, derecho familia, disoluci\u00c3\u00b3n r\u00c3\u00a9gimen econ\u00c3\u00b3mico matrimonial, herencias y sucesiones, contencioso administrativo, protecci\u00c3\u00b3n de datos, prevenci\u00c3\u00b3n blanqueo capitales financiaci\u00c3\u00b3n terrorismo, derecho laboral y seguridad social, derecho fiscal y tributario"},{"@type":"BreadcrumbList","@id":"https:\/\/iunneabogados.com\/index.php\/areas-de-actividad\/#breadcrumb","itemListElement":[{"@type":"ListItem","position":1,"name":"Portada","item":"https:\/\/iunneabogados.com\/"},{"@type":"ListItem","position":2,"name":"\u00c1reas de actividad"}]},{"@type":"WebSite","@id":"https:\/\/iunneabogados.com\/#website","url":"https:\/\/iunneabogados.com\/","name":"iunne","description":"TRANQUILIDAD JUR\u00cdDICA","publisher":{"@id":"https:\/\/iunneabogados.com\/#organization"},"potentialAction":[{"@type":"SearchAction","target":{"@type":"EntryPoint","urlTemplate":"https:\/\/iunneabogados.com\/?s={search_term_string}"},"query-input":"required name=search_term_string"}],"inLanguage":"es"},{"@type":"Organization","@id":"https:\/\/iunneabogados.com\/#organization","name":"iunne","url":"https:\/\/iunneabogados.com\/","logo":{"@type":"ImageObject","inLanguage":"es","@id":"https:\/\/iunneabogados.com\/#\/schema\/logo\/image\/","url":"https:\/\/iunneabogados.com\/wp-content\/uploads\/2019\/12\/logo_iunne.png","contentUrl":"https:\/\/iunneabogados.com\/wp-content\/uploads\/2019\/12\/logo_iunne.png","width":118,"height":119,"caption":"iunne"},"image":{"@id":"https:\/\/iunneabogados.com\/#\/schema\/logo\/image\/"},"sameAs":["https:\/\/www.facebook.com\/iunneabogados\/","https:\/\/x.com\/AbogadosIunne","https:\/\/www.instagram.com\/iunneabogados\/","https:\/\/www.linkedin.com\/company\/iunne-abogados\/about\/"]}]}},"_links":{"self":[{"href":"https:\/\/iunneabogados.com\/index.php\/wp-json\/wp\/v2\/pages\/69","targetHints":{"allow":["GET"]}}],"collection":[{"href":"https:\/\/iunneabogados.com\/index.php\/wp-json\/wp\/v2\/pages"}],"about":[{"href":"https:\/\/iunneabogados.com\/index.php\/wp-json\/wp\/v2\/types\/page"}],"author":[{"embeddable":true,"href":"https:\/\/iunneabogados.com\/index.php\/wp-json\/wp\/v2\/users\/1"}],"replies":[{"embeddable":true,"href":"https:\/\/iunneabogados.com\/index.php\/wp-json\/wp\/v2\/comments?post=69"}],"version-history":[{"count":23,"href":"https:\/\/iunneabogados.com\/index.php\/wp-json\/wp\/v2\/pages\/69\/revisions"}],"predecessor-version":[{"id":406,"href":"https:\/\/iunneabogados.com\/index.php\/wp-json\/wp\/v2\/pages\/69\/revisions\/406"}],"wp:featuredmedia":[{"embeddable":true,"href":"https:\/\/iunneabogados.com\/index.php\/wp-json\/wp\/v2\/media\/118"}],"wp:attachment":[{"href":"https:\/\/iunneabogados.com\/index.php\/wp-json\/wp\/v2\/media?parent=69"}],"curies":[{"name":"wp","href":"https:\/\/api.w.org\/{rel}","templated":true}]}}